Let x be j(6). Let p = 11 - x. List the prime factors of (-6)/6*(p - 8).
2
Let x(a) = -452*a + 45. List the prime factors of x(-2).
13, 73
Suppose 10*j = 21*j - 2068. List the prime factors of j.
2, 47
Let j be (-2)/(-3)*(-27)/(-2). Let u = j + -5. Suppose 4*c - u*w = 164, 0*c = c - 5*w - 61. What are the prime factors of c?
2, 3
Let c = -186 + 338. Suppose h - c = 3*x + 12, 0 = -2*h + 5*x + 331. List the prime factors of h.
173
What are the prime factors of (-42)/28*4604/(-3)?
2, 1151
Let k(r) = -5*r - 5. Let m(n) = -1. Let j(u) = k(u) + 15*m(u). Suppose -5*a - 3*c - 18 = 42, 3*a = -2*c - 37. List the prime factors of j(a).
5
Let d(k) = 73*k - 120. List the prime factors of d(11).
683
Let x(w) = -w**3 + 18*w**2 - 23*w + 100. Let o be x(17). Let r(u) be the first derivative of -u**4/4 + u**2/2 + 3*u + 1. What are the prime factors of r(o)?
3
Let k be 1 - (-1)/((-1)/(-4)). Suppose 304 = k*v + y - 5*y, 0 = -4*y + 16. What are the prime factors of v?
2
Let y = -829 - -803. Let b(d) = -38*d. Let l be b(-2). Let i = l + y. What are the prime factors of i?
2, 5
Let v(u) = -u**2 + 45*u + 133. List the prime factors of v(36).
457
Let c(j) = -298*j + 153. List the prime factors of c(-4).
5, 269
Let q = 95 - 160. Suppose -i - u + 43 = -64, 12 = -4*u. Let w = q + i. What are the prime factors of w?
3, 5
Let f = 311 - 46. List the prime factors of (-5 - f/(-20))/((-6)/(-64)).
2, 11
Let z(l) = l**2 - 2*l + 5. Let k be z(10). Let c = -47 + k. What are the prime factors of c?
2, 19
Let q(f) = -2*f**2 - 51*f - 144. What are the prime factors of q(-19)?
103
Let m = 901 + -396. What are the prime factors of m?
5, 101
Suppose -3*g + 2*g + 11 = 0. Suppose -2*m + g = -17. What are the prime factors of m?
2, 7
List the prime factors of 17784/7 + -3 + (-30)/(-70).
2, 3, 47
Let m be (-1)/((9/(-15))/3). Let z = 4 - m. What are the prime factors of -1 + 16*(z - -2)?
3, 5
Let v = 1299 - 683. What are the prime factors of v?
2, 7, 11
Let i(h) = 20*h - 48. Suppose -5*m = -2*v - 26, 32 = 8*m - 4*m + 4*v. What are the prime factors of i(m)?
2, 3
Suppose -r + 95 = 5*t + 29, 3 = -3*t. Let a = r - 4. What are the prime factors of a?
67
What are the prime factors of (-269)/2*16/(3 - 11)?
269
Suppose 0 = -k, -5*k + 4 = 3*p + 7. List the prime factors of 1 + 187 + -5 + p.
2, 7, 13
Let d(a) = -a**3 - 5*a**2 - 2*a - 8. Let j be d(-5). Suppose -j*u = -u - 3. Suppose 19 - u = 2*p. List the prime factors of p.
2
Suppose -1 = -4*o - 29. Let x(l) = -8*l**2 - 2*l. Let u(j) = 9*j**2 + 2*j - 1. Let d(y) = o*x(y) - 6*u(y). List the prime factors of d(-6).
2, 3, 11
Let w(p) = -25*p**2 - 13*p + 9. Let a be w(-10). What are the prime factors of 8/(-48) + a/18*-1?
131
Suppose -37*k + 1050 = -36*k. List the prime factors of (2/4)/(15/k).
5, 7
What are the prime factors of (139 + -137)/(2/3514)?
2, 7, 251
Let g(m) = 3*m**2 - 4*m - 133. List the prime factors of g(-11).
2, 137
Let d(n) be the third derivative of -n**4/6 + 103*n**3/3 + 11*n**2. List the prime factors of d(0).
2, 103
Suppose -4 = -3*z + 2. Let s be (-3)/(-2)*(0 + z). Suppose b - s - 8 = 0. List the prime factors of b.
11
Let i(w) = 111*w**2 - 6*w + 3. What are the prime factors of i(2)?
3, 5, 29
Let r = -120 + 54. Let k = 15 + r. Let q = k + 74. What are the prime factors of q?
23
Let o(f) = 3*f + 8. Let a be o(-3). What are the prime factors of (-7)/(a/13 + 0)?
7, 13
Let u be 5 + 112 - 2/(-4)*-2. Let f = -59 + u. List the prime factors of f.
3, 19
Suppose -16*d - 355 = -8083. What are the prime factors of d?
3, 7, 23
Let t(r) = 5*r**2 - 23*r + 81. List the prime factors of t(15).
3, 7, 41
Suppose 7*u - t - 698 = 6*u, 3*t + 688 = u. List the prime factors of u.
19, 37
Let z = -3 - 11. Let o = z + 17. Suppose 2*v - 59 = 5*r - 4*r, -2*v + o*r + 49 = 0. What are the prime factors of v?
2
Let t = 39 - 53. Let s(r) = r**2 - 8*r - 25. List the prime factors of s(t).
283
Suppose -26 = 8*j - 234. Let w = -15 + j. What are the prime factors of w?
11
Let h = 18 - 16. Suppose 2 = -h*k - 0. What are the prime factors of k + 3 + (-286)/(-11)?
2, 7
Let n(p) = -p**2 + p + 1. Let v(i) = 7*i**2 - 6. Let g(f) = 6*n(f) + v(f). Let t be g(-6). Suppose 2*b - 48 = -t. List the prime factors of b.
2, 3
Let x = 67 - -336. List the prime factors of x.
13, 31
Let i(f) = -f**3 - 10*f + 364. List the prime factors of i(0).
2, 7, 13
Suppose -3*q + 39 = 2*o, -4*o + 58 = 3*q - 23. Suppose 5*z = 4*a - 7, -15 = 3*z + 2*a + a. List the prime factors of (-350)/o*z/2.
5
Suppose 0 = -14*z - 4*z + 10314. List the prime factors of z.
3, 191
Let c(z) = z**2 - 2. Let b be 2*1/(-4)*0. Let t be c(b). What are the prime factors of -2 - (t + (-27)/3)?
3
Suppose 4*h = 4*y - 6876, 10*h = 13*h + 15. What are the prime factors of y?
2, 857
Suppose -23*f = 24*f - 53110. List the prime factors of f.
2, 5, 113
Suppose h - 41 - 64 = u, 4*h - u - 423 = 0. Suppose 8*z = h + 558. List the prime factors of z.
83
Let x = 1307 - 949. What are the prime factors of x?
2, 179
Let k(y) = -11*y + 15. Let v(x) = x**3 - 9*x**2 - 13*x + 20. Let j be v(10). What are the prime factors of k(j)?
5
Let j = -995 + 1461. List the prime factors of j.
2, 233
Let d be 385/3 + (-10)/(-15). List the prime factors of 12/54 + d/27.
5
Let g(w) = -w**3 - 4*w**2 + 6*w + 8. Let q be g(-5). What are the prime factors of (21/q)/(-7) + 71*1?
2, 5, 7
Let v = 6 + -2. What are the prime factors of (42 - -1) + (-12)/v?
2, 5
List the prime factors of ((-214)/(-6))/(14/168).
2, 107
Let o = 7 + -4. Suppose -o*l = -2*l - 2. Suppose -l*g + 3*g - 7 = 0. List the prime factors of g.
7
What are the prime factors of ((-4)/(-2))/((-16775)/4195 + 4)?
2, 839
Let f = -737 + 1236. What are the prime factors of f?
499
Let k(g) = -11*g**2 + 16*g + 9. Let i be k(-6). Let o = -204 - i. List the prime factors of o.
3, 31
Let x = 135 - 41. List the prime factors of x.
2, 47
Let x = -18 + 20. Let k(n) = 4 + x*n - 3 + 4*n + 4. What are the prime factors of k(5)?
5, 7
Suppose 0 = -4*u - 4 + 20. List the prime factors of u/3*(-228)/(-2).
2, 19
Suppose -3*y + 7 + 2 = 0. Suppose y*z - 3*j - 33 = -3, 5*j = 4*z - 45. Suppose -3 = -2*o + z. List the prime factors of o.
2
Let d = 79 - -202. What are the prime factors of d?
281
Suppose -4*r = -4 - 12. Let p(x) = 12*x + 6. List the prime factors of p(r).
2, 3
Let m(h) = 3*h + 66. Suppose o + o = 0. Let k be o/(-4) - 3 - -3. What are the prime factors of m(k)?
2, 3, 11
Let z(o) = 182*o**3 + 2*o**2 - 1. Let t be z(1). Suppose 0 = 3*v - 357 - t. List the prime factors of v.
2, 3, 5
Let r(n) = -n**2 + 11*n + 101. List the prime factors of r(9).
7, 17
Let z(x) = x**3 + 12*x**2 + 21*x + 10. Let t be z(-10). List the prime factors of t - (-301 + (-4 - -6)).
13, 23
Let z(h) = 12*h - 11*h + 42 - 4*h. List the prime factors of z(-21).
3, 5, 7
Let c(k) = k - 58. Let o(i) = 3*i - 115. Let l(r) = -5*c(r) + 2*o(r). Let j = -87 - -87. List the prime factors of l(j).
2, 3, 5
Let q(y) be the first derivative of -3 + 2*y**2 + 4*y + 5 - 1. List the prime factors of q(3).
2
Let b = -103 + 271. Suppose -5*a = 4*q + 210, 4*a - q = -5*q - b. Let p = a + 115. What are the prime factors of p?
73
What are the prime factors of (-4 + 1)/(-3) + 1401 + -10?
2, 3, 29
Suppose 0 = -10*a + 9*a + 566. What are the prime factors of a?
2, 283
Let k = 3 + 20. Let f be (-2)/4*2*5. Let q = k + f. List the prime factors of q.
2, 3
Let x(p) = 12*p - 1 - 135*p + 2. List the prime factors of x(-1).
2, 31
Suppose -9*z + 6670 = -4769. List the prime factors of z.
31, 41
Suppose 3*s = -6, -5*x + 632 + 9 = -3*s. Let v = x - 27. What are the prime factors of v?
2, 5
Suppose -3*t + 16 = -t + 3*z, 0 = 4*t - 5*z - 10. Let j be t/3 + 2/(-3). What are the prime factors of (-9)/(j + -4) + 2?
5
Let t(p) = -p**3 + 8*p**2 - 3*p + 5047. List the prime factors of t(0).
7, 103
Suppose 130*c = 105*c + 37375. What are the prime factors of c?
5, 13, 23
Let l(z) = -z**3 - 4*z**2 - 6*z - 6. Let f be -4 + 2*(-3)/6. What are the prime factors of l(f)?
7
Suppose 23240 = 22*c + 13*c. List the prime factors of c.
2, 83
Let g(z) = 10*z - 59. Let d(s) = 5*s - 29. Let w(o) = -5*d(o) + 3*g(o). List the prime factors of w(17).
53
List the prime factors of (6 - (-160)/(-28)) + 5479/7.
3, 29
Let b = -399 - -603. What are the prime factors of (-15)/5 + b/3?
5, 13
Let u = 4 + 2